, what is 1221102 - -101?
1221203
In base 5, what is -4 + -114342?
-114401
In base 8, what is -1271510 + -4?
-1271514
In base 12, what is -106 + ba?
-8
In base 14, what is -6590 - -b?
-6583
In base 8, what is -672 + -14123?
-15015
In base 16, what is -9 + -2d47?
-2d50
In base 10, what is -1190 - 1858?
-3048
In base 7, what is 0 + 536504?
536504
In base 12, what is 3 - -a105?
a108
In base 10, what is -154 + 328?
174
In base 2, what is -110101 + -110111110101?
-111000101010
In base 12, what is 5 + 585a?
5863
In base 13, what is -850 + 12?
-83b
In base 11, what is 64a - 9?
641
In base 5, what is -2432340 + 10?
-2432330
In base 10, what is -2 + 3218?
3216
In base 13, what is 2aa76 - -3?
2aa79
In base 8, what is 535 + 123?
660
In base 8, what is 1716 + 43?
1761
In base 14, what is -12 + -12?
-24
In base 2, what is -10101111100 + 100?
-10101111000
In base 4, what is 0 + -2123001?
-2123001
In base 6, what is -5 - 45331?
-45340
In base 8, what is -42551 - -11?
-42540
In base 7, what is -4146 - 334?
-4513
In base 12, what is 26 - 1b6b?
-1b45
In base 16, what is -2642 + 1e?
-2624
In base 10, what is -233 + 426?
193
In base 2, what is -111010 + -1110101?
-10101111
In base 5, what is 14130112 - -2?
14130114
In base 9, what is -5587 - -17?
-5570
In base 10, what is -1478 + -1065?
-2543
In base 3, what is -1 + -120210211?
-120210212
In base 5, what is 1 + -302203?
-302202
In base 14, what is 1b9 - -22?
1db
In base 16, what is 31c - 21c?
100
In base 16, what is 136 - -3de?
514
In base 10, what is 1080 + -197?
883
In base 4, what is -22 + -103012?
-103100
In base 7, what is -5012445 - 3?
-5012451
In base 15, what is 380b + 28?
3834
In base 4, what is -1001 + -212330?
-213331
In base 8, what is -1030265 + 4?
-1030261
In base 7, what is -3 - 1541354?
-1541360
In base 7, what is 6035 + -3304?
2431
In base 7, what is 53003 + 0?
53003
In base 16, what is 2 + -32d5?
-32d3
In base 9, what is 6 - 12371?
-12364
In base 14, what is 4 + -1b0b?
-1b07
In base 15, what is c4 - 3303?
-322e
In base 14, what is 17286cc - 2?
17286ca
In base 7, what is -206340 - -13?
-206324
In base 16, what is 8371 + 5?
8376
In base 3, what is 10 - -21110011?
21110021
In base 12, what is 459 + -110?
349
In base 15, what is -1d81a - 1?
-1d81b
In base 16, what is 4 + -a7a4a?
-a7a46
In base 9, what is -4 + 14540?
14535
In base 16, what is 5 - 14a1?
-149c
In base 12, what is -9624 + -4?
-9628
In base 4, what is -1231 + 10113?
2222
In base 11, what is -1 - 113455?
-113456
In base 5, what is -100200044 - 3?
-100200102
In base 8, what is 4 + -16131?
-16125
In base 15, what is 10 - 10504?
-104e4
In base 16, what is fbab - 0?
fbab
In base 8, what is 445654 - -3?
445657
In base 8, what is 0 + 2174013?
2174013
In base 11, what is 6 + 133077?
133082
In base 8, what is 45162 + 14?
45176
In base 3, what is -11 - 12010010101?
-12010010112
In base 10, what is -7307 + -146?
-7453
In base 11, what is 26 + -19a88?
-19a62
In base 16, what is -1d42 + -d1?
-1e13
In base 13, what is -133a9c - -2?
-133a9a
In base 13, what is -38 + 637?
5cc
In base 7, what is 61 - -1403?
1464
In base 5, what is 0 - 1103242?
-1103242
In base 10, what is 8 + 87318?
87326
In base 3, what is -2 - -1110102021001?
1110102020222
In base 11, what is 3 + -2012?
-200a
In base 7, what is 5 - -225511?
225516
In base 11, what is 11 + 4344?
4355
In base 6, what is 0 - 44541?
-44541
In base 10, what is 125695 + -4?
125691
In base 7, what is 615014 + 0?
615014
In base 11, what is -155 + 43?
-112
In base 5, what is 34413 - -10?
34423
In base 12, what is -102622 - -2?
-102620
In base 6, what is 2030 - -5140?
11210
In base 12, what is 45a1 - -1a?
45bb
In base 9, what is -100 - 104?
-204
In base 9, what is -4 - -656?
652
In base 9, what is -346236 + 0?
-346236
In base 2, what is 100110011111 - 1?
100110011110
In base 2, what is 1001000100010 - -11000?
1001000111010
In base 10, what is -39612 + -4?
-39616
In base 16, what is 241 - 13?
22e
In base 16, what is 2e4 - e9?
1fb
In base 2, what is -11010000 - 111110?
-100001110
In base 4, what is -130332133 - -1?
-130332132
In base 14, what is 740 - 12c?
612
In base 15, what is -c0d8 + a?
-c0cd
In base 6, what is 5 - -12104?
12113
In base 8, what is 245 - 565?
-320
In base 3, what is 2011 + 2121122?
2200210
In base 4, what is -12322231222 - 0?
-12322231222
In base 14, what is 100 - -138?
238
In base 5, what is -10133402 - -121?
-10133231
In base 12, what is -53 + 139a?
1347
In base 7, what is 1456 + 2400?
4156
In base 8, what is -135 - 171?
-326
In base 2, what is -1110010101010 - 101010?
-1110011010100
In base 3, what is 120 - -1011121?
1012011
In base 14, what is 142 - -5a?
19c
In base 10, what is -4313 + 4?
-4309
In base 10, what is -544 + -132?
-676
In base 2, what is 110011110 - -110?
110100100
In base 8, what is -2710 - 1325?
-4235
In base 11, what is 4 + 4171?
4175
In base 6, what is 1 - -431552?
431553
In base 12, what is -411 + -9?
-41a
In base 15, what is -42 - -c?
-35
In base 16, what is -4a7ba + 2?
-4a7b8
In base 13, what is 121c - -c?
122b
In base 11, what is -294 + 1a94?
1800
In base 12, what is 89265 + -17?
8924a
In base 6, what is -250415 + -5?
-250424
In base 2, what is -11100101011011011 - 100?
-11100101011011111
In base 4, what is -1 + -120001301?
-120001302
In base 11, what is 1 + 168052?
168053
In base 4, what is 10 + 1033103111?
1033103121
In base 15, what is -2 + -6e99?
-6e9b
In base 9, what is 843037 + 5?
843043
In base 13, what is -2190 + 4c?
-2141
In base 15, what is -91 + 40c?
36b
In base 16, what is 1a - -ef1?
f0b
In base 5, what is -2 + 21214012?
21214010
In base 3, what is -12000102 - -121111?
-11101221
In base 5, what is -1342032 + 20?
-1342012
In base 9, what is -5 + -4020?
-4025
In base 11, what is 4 - -21521?
21525
In base 2, what is -101011001100 - 101?
-101011010001
In base 9, what is 50 + -107077?
-107027
In base 13, what is 148a7b - -4?
148a82
In base 13, what is -12 + 3bc?
3aa
In base 8, what is 205 + 4602?
5007
In base 12, what is 295780 - 2?
29577a
In base 10, what is -13475 + 7?
-13468
In base 3, what is 1001021110 - -1?
1001021111
In base 8, what is -734 + 26725?
25771
In base 11, what is -1669938 + -4?
-1669941
In base 5, what is 1103341 + -2021?
1101320
In base 14, what is -146 - -3b2?
26a
In base 12, what is 0 - 3a191?
-3a191
In base 9, what is -1 + 2162260?
2162258
In base 14, what is -481 + 30?
-451
In base 14, what is 1b24 - 14c?
19b6
In base 9, what is 11 - 2415?
-2404
In base 9, what is -1 + 477353?
477352
In base 2, what is -10 - -100110011111100010?
100110011111100000
In base 8, what is -6065 - -17?
-6046
In base 5, what is 0 + -1002124?
-1002124
In base 3, what is -10212221 - 1222?
-10221220
In base 6, what is -2 - -12500501?
12500455
In base 13, what is 11c60 + -54?
11c09
In base 6, what is 34415422 + 0?
34415422
In base 8, what is 10 - -360121?
360131
In base 11, what is -2485 + 3?
-2482
In base 13, what is -5 + 459c?
4597
In base 16, what is -e + 186?
178
In base 5, what is 343 + 1144?
2042
In base 2, what is -100001101110101010010 - -100?
-100001101110101001110
In base 10, what is 559 - -4?
563
In base 2, what is -101110001111 + 1011001101?
-100011000010
In base 6, what is 403455 - -32?
403531
In base 14, what is -a2 + -ba?
-17c
In base 9, what is -4 - -266?
262
In base 13, what is -6 + b1b?
b15
In base 4, what is -3102322 - 31?
-3103013
In base 3, what is 112201001 - -12?
112201020
In base 11, what is -29 + -3a173?
-3a1a1
In base 7, what is -161 - -6303?
6112
In base 2, what is 1010010101001 + 10?
1010010101011
In base 12, what is -5 + -3383b?
-33844
In base 10, what is 4 - -1802?
1806
In base 8, what is 24 - -21644?
21670
In base 11, what is -4 - -2a567?
2a563
In base 14, what is 27c - -24?
2a2
In base 16, what is -530 - 1e?
-54e
In base 3, what is -11 + -1021?
-1102
In base 15, what is 2ca4 - 49?
2c5a
In base 7, what is -206340 - 3?
-206343
In base 6, what is 32133 - 43?
32050
In base 15, what is -6250 - 0?
-6250
In base 7, what is -21261313 + 2?
-21261311
In base 12, what is -41487 - 6?
-41491
In base 12, what is -1a5 + 4b7?
312
In base 16, what is -ee4e - 5?
-ee53
In base 11, what is 21 - -52550?
52571
In base 13, what is -2b79 + 171?
-2a08
In base 7, what is 243 - 10?
233
In base 11, what is -20 - -92419?
923a9
In base 2, what is 1 - 1111101010